at is 47 - -1?
48
In base 11, what is -3 - -52?
4a
In base 12, what is -b1 + 0?
-b1
In base 15, what is -10c8 + 6?
-10c2
In base 7, what is 255 - 5?
250
In base 8, what is 2 + 70?
72
In base 4, what is -3220 - -2?
-3212
In base 12, what is 8 + -294?
-288
In base 5, what is -2012 + -41?
-2103
In base 2, what is -110 + 100010111?
100010001
In base 13, what is 8 + -486?
-47b
In base 2, what is -10010101100 - -1?
-10010101011
In base 5, what is 10 - -2221?
2231
In base 8, what is 62 + -31?
31
In base 16, what is -1 + 2a?
29
In base 2, what is 1 + -111?
-110
In base 16, what is 3 - -41?
44
In base 6, what is 25 + 0?
25
In base 16, what is -1 + 409?
408
In base 4, what is -3210 + 1?
-3203
In base 4, what is 123321 + -12?
123303
In base 3, what is -21 + 1?
-20
In base 15, what is 210 - -8?
218
In base 16, what is -8 - -1c?
14
In base 8, what is 76 - 17?
57
In base 9, what is -5 - -24?
18
In base 8, what is 12755 - -5?
12762
In base 9, what is 553 + 1?
554
In base 12, what is -4442 + 4?
-443a
In base 11, what is 6 + 79?
84
In base 2, what is 1000 + 11110011010?
11110100010
In base 8, what is -217 - 5?
-224
In base 3, what is -12 - -11?
-1
In base 7, what is -55 - -252?
164
In base 14, what is 2a2a + 3?
2a2d
In base 7, what is 5 + 11405?
11413
In base 9, what is -4 + -1057?
-1062
In base 5, what is -24130 - -1?
-24124
In base 16, what is -2 - -37b?
379
In base 14, what is -7d + c?
-71
In base 14, what is -4 - 2d9?
-2dd
In base 16, what is 5 + -330?
-32b
In base 2, what is 1 - 1001?
-1000
In base 13, what is 5 - 121?
-119
In base 9, what is -423 + 4?
-418
In base 10, what is -26 - 86?
-112
In base 4, what is -121 + 10?
-111
In base 8, what is 177 - -2?
201
In base 14, what is 0 + 135?
135
In base 14, what is 12c3 + 4?
12c7
In base 5, what is -11 + -12?
-23
In base 15, what is -1c + -c?
-29
In base 3, what is 211 + -10?
201
In base 8, what is 15 + -5?
10
In base 2, what is -1011001 - -110011?
-100110
In base 3, what is -1110 - 1?
-1111
In base 9, what is 204 - -7?
212
In base 3, what is 100120 - -1?
100121
In base 2, what is -10101 - 110101010?
-110111111
In base 16, what is 282f + 3?
2832
In base 11, what is -4 + -1680?
-1684
In base 11, what is 3 - -37?
3a
In base 9, what is -56 + 6?
-50
In base 2, what is 100011011 - -1011?
100100110
In base 2, what is -11 + 101001010?
101000111
In base 9, what is -42356 - 5?
-42362
In base 4, what is 1332 - 11?
1321
In base 12, what is -42b + -3?
-432
In base 15, what is c + 0?
c
In base 8, what is -4 + -316?
-322
In base 9, what is -32 + -358?
-401
In base 8, what is -40 - 360?
-420
In base 8, what is 2 + 77?
101
In base 7, what is 2 + -13001?
-12666
In base 14, what is 4 + -1b29?
-1b25
In base 7, what is 3 + -13?
-10
In base 3, what is -1 + -112022?
-112100
In base 16, what is 4 - 5c?
-58
In base 2, what is 10 - 1101000100?
-1101000010
In base 5, what is 34 + 410?
444
In base 3, what is 1 - 1121211?
-1121210
In base 16, what is 0 + 361?
361
In base 12, what is 1 + -282?
-281
In base 4, what is 10 - 12303?
-12233
In base 5, what is 4333 - -14?
4402
In base 10, what is -7 + -25?
-32
In base 15, what is -102c + -3?
-1030
In base 2, what is -1011 + 1001001?
111110
In base 8, what is 55 - -26?
103
In base 14, what is 72 + 154?
1c6
In base 3, what is 2020 + 100?
2120
In base 5, what is 331110 - -10?
331120
In base 9, what is 605 + 4?
610
In base 6, what is -31134 - -1?
-31133
In base 5, what is 10 + -3330?
-3320
In base 9, what is -2503 - 3?
-2506
In base 11, what is 4 + -79?
-75
In base 10, what is -11 - 98?
-109
In base 2, what is 1010 - -111000010?
111001100
In base 10, what is 277 - -4?
281
In base 7, what is -20 - -204?
154
In base 12, what is 0 - 67?
-67
In base 5, what is -1020 - -4?
-1011
In base 12, what is 78 + 0?
78
In base 14, what is -4 - -38c?
388
In base 4, what is 11 - -10323?
11000
In base 4, what is -20311 - -10?
-20301
In base 16, what is -1 - -4d4?
4d3
In base 15, what is 9c6 + -1?
9c5
In base 9, what is 50 + -14?
35
In base 11, what is -5 + -10?
-15
In base 10, what is 1416 - -4?
1420
In base 8, what is 11 + -116?
-105
In base 14, what is -6 - 770?
-776
In base 2, what is 1 + 1010111011?
1010111100
In base 13, what is 7a77 + -1?
7a76
In base 11, what is -1 + -25?
-26
In base 10, what is 19977 - -3?
19980
In base 6, what is -22 - -10?
-12
In base 11, what is -6 - 3a?
-45
In base 4, what is 3123 + 1?
3130
In base 9, what is -6 - -46?
40
In base 9, what is 6 - -78?
85
In base 14, what is -303 + -5?
-308
In base 11, what is -5 + 198?
193
In base 7, what is -2 + -3411?
-3413
In base 15, what is -ad - 8?
-b6
In base 11, what is -42a + 1?
-429
In base 5, what is 102414 + -1?
102413
In base 9, what is 4 + 627?
632
In base 9, what is 300 - 5?
284
In base 16, what is 4 - -27f?
283
In base 9, what is -1012 + -1?
-1013
In base 7, what is -1254 - -1?
-1253
In base 9, what is -202 - 3?
-205
In base 15, what is 1 + -78?
-77
In base 9, what is -65 + -23?
-88
In base 9, what is -4 - -420?
415
In base 9, what is 166 + -2?
164
In base 12, what is -1 - 1ba?
-1bb
In base 16, what is e76 + 0?
e76
In base 4, what is 2132 + 11?
2203
In base 10, what is -11 + -8?
-19
In base 13, what is 5a6 + 5?
5ab
In base 12, what is 0 - 21?
-21
In base 12, what is 4 + 2b39?
2b41
In base 15, what is -8a8 - d?
-8b6
In base 16, what is -10 + -6?
-16
In base 10, what is 10 - 7?
3
In base 2, what is 1101111111 - 11?
1101111100
In base 6, what is 11 + 1045?
1100
In base 7, what is 1663 - 4?
1656
In base 4, what is -20 - 0?
-20
In base 7, what is -264 - -5?
-256
In base 4, what is -3 - -33210?
33201
In base 4, what is -13 - 3032?
-3111
In base 2, what is 10000 - -1011100?
1101100
In base 11, what is 544 - -1?
545
In base 10, what is 3 + 25?
28
In base 3, what is 11111 + -12?
11022
In base 4, what is -23012 + 0?
-23012
In base 9, what is 3 + -238?
-235
In base 11, what is 133 - 10?
123
In base 7, what is -4 + 1441?
1434
In base 16, what is -6 - 5?
-b
In base 8, what is 5 - 20?
-13
In base 11, what is -592 + 9?
-584
In base 13, what is 0 + 4b7?
4b7
In base 12, what is 4 - -4a?
52
In base 8, what is 1 - 165?
-164
In base 16, what is 12 - -107?
119
In base 2, what is -111 - 101111?
-110110
In base 10, what is -22 - -103?
81
In base 3, what is 2021101 + 11?
2021112
In base 7, what is -2 - 4?
-6
In base 9, what is 13 + 165?
178
In base 15, what is -3 + 124?
121
In base 7, what is -1255 + -5?
-1263
In base 12, what is -84 + 6a?
-16
In base 4, what is 20 + -110013?
-103333
In base 13, what is 460b - -3?
4611
In base 6, what is 0 - 50?
-50
In base 2, what is 101 + -11100111?
-11100010
In base 7, what is -1430 - 3?
-1433
In base 7, what is -4 + -50?
-54
In base 6, what is 1 - 10?
-5
In base 5, what is 10303 + 10?
10313
In base 2, what is 101011100 - 1?
101011011
In base 6, what is 1 - 1302?
-1301
In base 15, what is 2d - -8?
36
In base 16, what is 10 - -1?
11
In base 14, what is 762 - 11?
751
In base 7, what is 2015 - -2?
2020
In base 5, what is -1103 + -4?
-1112
In base 5, what is -4 + -3422?
-3431
In base 2, what is 100 - 1000001001?
-1000000101
In base 5, what is -101 - -4?
-42
In base 2, what is -10001 - 10?
-10011
In base 2, what is -10010 + 10001?
-1
In base 12, what is 137 - -8?
143
In base 4, what is -22 + -301?
-323
In base 10, what is -12 + 31?
19
In base 4, what is 10003 + 1?
10010
In base 14, what is -3 - 1615?
-1618
In base 4, what is -22302 + 0?
-22302
In base 9, what is 33 - -4?
37
In base 2, what is -1001101 - -11?
-1001010
In base 4, what is -12222 - 2?
-12230
In base 15, what is -a0d7 - -3?
-a0d4
In base 5, what is 10 + 103?
113
In base 6, what is -431 + 15?
-412
In base 13, what is -1668 + -5?
-1670
In base 2, what is -10010001 - 1?
-10010010
In base 3, what is -21221 - 11?
-22002
In base 10, what is -236 + 3?
-233
In base 8, what is -20 + -1457?
-1477
In base 10, what is 4 + -462?
-458
In base 10, what is -8 - -10?
2
In base 16, what is -15 - 2d?
-42
In base 7, what is 54 + 11?
65
In base 4, what is 10 - -2121?
2131
In base 14, what is -53 + 3?
-50
In base 6, what is -115 + -3?
-122
In base 14, what is 388 - 13?
375
In base 4, what is 132 - 20?
112
In base 7, what is -24 + 12?
-12
In base 10, what is -127 - -6?
-121
In base 16, what is -1 - -14?
13
In base 2, what is 0 - 110?
-110
In base 3, what is -112 - 22212?
-100101
In base 5